f 68?
True
Is 1041115194 a multiple of 18?
True
Is 59 a factor of 33777178?
False
Does 4287 divide 445972323?
True
Is 1045 a factor of 624704135?
True
Is 70 a factor of 8921987?
False
Is 1192635882 a multiple of 6194?
False
Is 24 a factor of 625594872?
True
Is 259879051 a multiple of 17?
True
Is 14724074 a multiple of 125?
False
Does 235 divide 656733585?
True
Is 280450456 a multiple of 572?
True
Does 1150 divide 35241710?
False
Does 12 divide 11760553?
False
Is 546019656 a multiple of 4872?
True
Is 3713170188 a multiple of 1339?
True
Is 52664718 a multiple of 914?
False
Is 500453160 a multiple of 57?
True
Does 3 divide 19359047?
False
Does 122 divide 43295717?
False
Is 234979056 a multiple of 1053?
True
Is 3 a factor of 1119054317?
False
Is 177 a factor of 4234404?
False
Is 934835720 a multiple of 98?
True
Is 661 a factor of 15883830?
True
Is 4 a factor of 31040232?
True
Is 19 a factor of 8166941?
True
Is 163981819 a multiple of 27?
False
Is 23 a factor of 232157182?
False
Is 109 a factor of 417004944?
False
Does 3024 divide 338310869?
False
Is 91237874 a multiple of 14?
True
Is 2157 a factor of 68704764?
True
Is 116753999 a multiple of 168?
False
Is 116658543 a multiple of 939?
True
Is 7567 a factor of 971963747?
False
Is 74458364 a multiple of 1503?
False
Is 26 a factor of 122052060?
True
Is 89 a factor of 865298677?
False
Is 92 a factor of 10111522?
False
Is 2 a factor of 15270060?
True
Is 264738749 a multiple of 186?
False
Is 20352480 a multiple of 240?
True
Does 5295 divide 246948210?
True
Is 18 a factor of 7697970?
True
Is 37648139 a multiple of 1324?
False
Is 190 a factor of 68168275?
False
Is 490194312 a multiple of 751?
False
Is 678768584 a multiple of 2566?
True
Does 68 divide 105756320?
True
Does 83 divide 277688867?
True
Does 6 divide 30998214?
True
Is 729845868 a multiple of 37?
True
Is 133342567 a multiple of 57?
False
Is 11 a factor of 99024926?
True
Does 1656 divide 95455694?
False
Is 620670856 a multiple of 10504?
True
Is 105 a factor of 98491241?
False
Does 2 divide 5753339?
False
Is 637101920 a multiple of 26?
True
Does 71 divide 13360283?
True
Is 1248028 a multiple of 4?
True
Is 177622454 a multiple of 1138?
True
Does 28 divide 154575596?
True
Is 360520836 a multiple of 402?
True
Does 215 divide 11847982?
False
Is 82897596 a multiple of 540?
False
Does 2133 divide 1854984780?
True
Is 4464680 a multiple of 1460?
True
Is 69969114 a multiple of 29?
False
Is 125 a factor of 17587938?
False
Is 2209 a factor of 65943068?
True
Is 420 a factor of 231178547?
False
Is 84 a factor of 33848512?
False
Does 30 divide 33845760?
True
Is 711906440 a multiple of 5054?
True
Is 2294209911 a multiple of 715?
False
Is 59 a factor of 74767766?
False
Is 957 a factor of 40601991?
False
Is 170427069 a multiple of 17?
False
Is 2056 a factor of 47446312?
True
Is 53248 a multiple of 11?
False
Does 37 divide 33375456?
False
Is 1051333020 a multiple of 9?
True
Does 1586 divide 96439652?
False
Is 252458425 a multiple of 5?
True
Does 307 divide 1241273928?
False
Is 319638826 a multiple of 8?
False
Is 462656724 a multiple of 82?
False
Is 79 a factor of 22348514?
False
Does 128 divide 1112250227?
False
Is 627 a factor of 3151302?
True
Is 402799824 a multiple of 36?
True
Is 51 a factor of 50744490?
True
Is 115427264 a multiple of 32?
True
Does 19 divide 4290661?
False
Is 17 a factor of 7542509?
True
Is 2957987865 a multiple of 31?
False
Is 40 a factor of 5608120?
True
Is 23083382 a multiple of 34?
True
Does 18 divide 10015146?
True
Does 2147 divide 632686548?
True
Is 41060160 a multiple of 1060?
True
Is 2416687 a multiple of 7?
True
Is 1327666 a multiple of 4?
False
Is 11513413 a multiple of 85?
False
Is 202 a factor of 561812900?
False
Does 104 divide 42724448?
True
Is 492015593 a multiple of 22?
False
Does 8 divide 8731520?
True
Does 177 divide 4118885?
False
Is 8 a factor of 26562069?
False
Is 411515040 a multiple of 167?
False
Does 9 divide 69429975?
False
Is 58 a factor of 24630951?
False
Does 55 divide 88658625?
True
Is 1413616738 a multiple of 201?
False
Is 1964856176 a multiple of 931?
False
Is 95058054 a multiple of 2358?
True
Does 399 divide 202921?
False
Does 2015 divide 461253650?
True
Does 248 divide 105837068?
False
Does 7839 divide 1058790213?
True
Is 60658039 a multiple of 17?
False
Is 8339784 a multiple of 24?
True
Does 12 divide 2523100?
False
Is 565107382 a multiple of 4193?
True
Does 165 divide 3322935?
True
Does 5 divide 8765017?
False
Is 5926 a factor of 775642694?
False
Is 96 a factor of 109488454?
False
Is 43798023 even?
False
Does 218 divide 631629058?
True
Is 7 a factor of 29520931?
False
Is 10264831 a multiple of 18?
False
Does 4 divide 322534453?
False
Is 149 a factor of 2795349801?
False
Is 15 a factor of 600389608?
False
Is 5 a factor of 191414812?
False
Is 27927232 a multiple of 41?
True
Is 1244698437 a multiple of 116?
False
Is 146307515 a multiple of 105?
False
Is 315492967 a multiple of 210?
False
Is 2599 a factor of 581871917?
True
Does 92 divide 14685960?
True
Is 4414 a factor of 139336738?
True
Is 10 a factor of 1254410969?
False
Does 560 divide 33608455?
False
Is 686803984 a multiple of 60?
False
Is 592279812 a multiple of 32?
False
Is 5177 a factor of 1877451237?
False
Is 43 a factor of 7962437?
False
Is 1690 a factor of 460778500?
True
Does 1272 divide 794618458?
False
Is 298 a factor of 252920646?
True
Is 6 a factor of 13433727?
False
Is 128240610 a multiple of 15?
True
Is 386602104 a multiple of 56?
True
Is 25 a factor of 37935000?
True
Is 559 a factor of 223096900?
True
Is 64800146 a multiple of 956?
False
Is 429286300 a multiple of 13?
False
Is 415952890 a multiple of 185?
True
Is 133786021 a multiple of 35?
False
Does 1608 divide 4954562353?
False
Does 184 divide 272305464?
True
Is 92430015 a multiple of 19?
False
Is 1320094066 a multiple of 86?
True
Does 32 divide 342228096?
True
Does 69 divide 64602699?
True
Does 31 divide 4850477?
True
Is 8647688 a multiple of 28?
True
Is 28 a factor of 369762698?
False
Is 9 a factor of 50852900?
False
Is 387220095 a multiple of 27?
True
Is 1344 a factor of 431691456?
True
Is 928302448 a multiple of 80?
False
Is 249152884 a multiple of 47?
False
Does 11 divide 81198112?
False
Does 5339 divide 465197857?
False
Is 53655676 a multiple of 14?
False
Does 497 divide 207285281?
True
Does 4 divide 130121652?
True
Does 14 divide 94418441?
False
Is 3250 a factor of 873164500?
True
Does 242 divide 1157380821?
False
Is 90169785 a multiple of 15?
True
Is 12267986 a multiple of 29?
True
Does 179 divide 112241251?
False
Is 38989766 a multiple of 25?
False
Is 1563 a factor of 483140493?
True
Is 532908093 a multiple of 18?
False
Is 118775160 a multiple of 280?
True
Is 2566320814 a multiple of 37?
True
Is 71 a factor of 447526456?
False
Does 184 divide 133091763?
False
Does 1706 divide 711603308?
True
Does 72 divide 74596248?
True
Is 107 a factor of 93036072?
True
Is 3851 a factor of 1899215544?
False
Is 4542422 a multiple of 53?
False
Is 99 a factor of 802948128?
False
Does 11 divide 19999545?
False
Is 265721056 a multiple of 8?
True
Is 130780104 a multiple of 104?
True
Is 3105 a factor of 643218965?
False
Is 338402064 a multiple of 364?
True
Is 272233831 a multiple of 235?
False
Is 458 a factor of 87308540?
True
Is 34 a factor of 1190582739?
False
Is 556917035 a multiple of 30?
False
Does 3478 divide 262675950?
True
Is 26 a factor of 106404709?
False
Does 22 divide 31135797?
False
Is 132348078 a multiple of 207?
False
Does 13 divide 2528467?
False
Does 368 divide 654336271?
False
Is 839660690 a multiple of 22?
True
Is 225 a factor of 11320200?
True
Is 2011416135 a multiple of 42?
False
Does 6 divide 1119551240?
False
Is 995438103 a multiple of 947?
True
Does 79 divide 240944609?
False
Is 96723792 a multiple of 538?
True
Is 6290676 a multiple of 4?
True
Does 31 divide 911402883?
True
Does 26 divide 133951116?
True
Does 402 divide 134916024?
True
Is 196 a factor of 1302473412?
False
Does 846 divide 572944194?
True
Does 3578 divide 517987060?
True
Is 78 a factor of 37232208?
True
Does 10 divide 16925883?
False
Does 79 divide 2120979044?
True
Is 240200242 a multiple of 38?
True
Does 225 divide 566713350?
True
Does 125 divide 797128125?
True
Is 24 a factor of 54536155?
False
Is 135376170 a mul